 t = s - 16. Suppose -5*x + 4*j - 70 + 247 = 0, t*x - 3*j = 179. Is x a composite number?
False
Is (-16814)/(-10) - (-218)/(-545) prime?
False
Suppose -f + 2*q + 3 = 0, -q + 18 = -0*f + f. Suppose 3526 - 627 = f*a. Is a prime?
True
Let g be (3 - 20/5)*-41. Let k = g - 40. Is (93/(-5))/(k/(-5)) a composite number?
True
Is -5*(-6)/(-60)*-14878 a composite number?
True
Let i = 155 + -157. Is 33/22*(-7922)/6*i a composite number?
True
Let w(d) = 19*d + 99*d - 37 - 25*d - 16. Is w(10) a composite number?
False
Let h = 137 + -130. Is (-175640)/(-140) - (-3)/h prime?
False
Is ((-7)/((-28)/(-114719)))/((-10)/40) a composite number?
True
Let k be 2/6*5*3. Suppose -4*m - 7030 = -2*x, 0 = k*m + 4 - 19. Is x a composite number?
True
Let y = 1932714 - 1034701. Is y prime?
True
Suppose 4*u - 17 = 3*h, -h + 2*u - 7 = -4. Is (-6081)/(-6)*(-22)/h prime?
True
Suppose 0 = -p + 2*l + 51247 + 19696, -2*p + 3*l = -141881. Is p a prime number?
False
Let j(w) = 2*w - 488*w - 55*w - 9. Let p be j(-16). Suppose 4*r = p + 621. Is r a prime number?
False
Let g(f) = -4*f + 44. Let t be g(11). Suppose t = 26*m - 202079 - 556991. Is m prime?
False
Let r = -12776 + 19563. Is r composite?
True
Let o(y) = -28*y**3 - 23*y**2 + 60*y + 152. Is o(-23) composite?
True
Let l(y) = 2077*y**2 + 15*y - 5. Is l(4) a composite number?
False
Let b(q) = 443*q**2 - 383*q - 3467. Is b(-9) a prime number?
True
Suppose 3568960 = 70*w - 5018460 - 828630. Is w a prime number?
False
Let j(k) = 102*k - 31. Let b(o) = 3*o**2 - 9*o + 5. Let f be b(-7). Let r be (-2)/12 - (f/6)/(-5). Is j(r) a prime number?
True
Is (-4 - 42/18*-3)/((-9)/(-1055337)) a composite number?
False
Suppose -3*c - j + 10 + 7 = 0, -4*j + 12 = -2*c. Suppose -2*f + 166 = c*b, -5*f + 6*f + 4*b = 79. Is f composite?
True
Let k = 1282 + -1141. Let i = 90 + -43. Let c = k - i. Is c a composite number?
True
Suppose 2*m - 7*m = -2860. Let x = -342 + m. Suppose -x = 2*u - 1584. Is u a prime number?
True
Suppose -5*t - 9 = -2*t, 2*j = -2*t + 2. Suppose 2*n - 6430 = 5*k, -3*k - 9627 = -j*n + n. Is n prime?
False
Let t(f) = 395*f**2 + 2*f - 1825. Is t(54) a prime number?
True
Let q(r) = 9*r**2 - 10*r - 2. Suppose 12 = b + 7. Let y be b + 0 + -2 + -13. Is q(y) composite?
True
Suppose 74*x - 3669530 = 14133908. Is x prime?
True
Suppose -5*u = -3 + 13. Is u - (-4)/((-8)/(-162)) prime?
True
Suppose -4*c + 4*z = -111604, -5*c - 2*z + 118056 + 21456 = 0. Suppose 5*i + n + 0*n - c = 0, -4*i - 4*n = -22312. Is i a composite number?
False
Let u be ((-76)/10)/2 - (-76)/95. Let f be (12/8)/(u + 126/40). Suppose 0 = -7*l + f*l - 903. Is l a prime number?
False
Let f = 77 - -2244. Is f composite?
True
Suppose -4*y + 10965 = 4*l - 7*y, l - 2736 = -y. Let i = 5338 - l. Is i prime?
False
Suppose 8*m - 15*m = -28. Suppose 0 = m*o + 4, 15*o - 12*o = -u + 4504. Is u prime?
True
Let l(p) = 2*p. Let z(s) = 11*s + 181. Let w(k) = 5*l(k) + z(k). Is w(36) prime?
True
Let f(c) = -582044*c + 1925. Is f(-1) a prime number?
True
Let r(c) = -5*c - 67. Let k(p) = 3*p + 66. Let o(z) = 3*k(z) + 2*r(z). Is o(-13) composite?
True
Let n(k) = 18*k**2 - 83*k - 531. Is n(-8) prime?
False
Let h(a) = 34*a**2 + 2*a - 7. Let l be (1252/(-20))/(-1) + 4/10. Suppose 3*u - 54 = -l. Is h(u) a prime number?
True
Let q(i) = 6*i**2 + i + 6. Suppose -30 = -z - 4*z. Suppose -4*u + z*u = -14. Is q(u) a composite number?
False
Let t(x) = -132*x + 2687. Is t(9) a prime number?
True
Let b = 3184 + 237769. Is b a prime number?
True
Let l(c) = 104*c**2 - 17*c + 1. Let d be 481/74 - (-3)/(6/(-5)). Is l(d) a prime number?
True
Let f = -253 + 251. Is (72135/300 - f/(-8))*5 prime?
True
Let x = 203 - 294. Let m = -93 - x. Let v(g) = -1664*g + 13. Is v(m) a composite number?
True
Let x = 1 - 10. Let n(q) = -960*q - 67. Let m(g) = 962*g + 55. Let j(w) = -3*m(w) - 2*n(w). Is j(x) a prime number?
True
Let r be (0 + 1)*63*1. Suppose 0 = 2*x - r + 19. Let i(v) = -v**3 + 24*v**2 - 25*v - 23. Is i(x) a prime number?
False
Let p(j) = -245*j - 968. Is p(-15) composite?
False
Let l = -7 - -1. Let f(w) = 142*w**2 + 20*w + 3. Let x be f(l). Let r = x + -2600. Is r a prime number?
False
Let l be (-324935)/25 - (-4 + (-46)/(-10)). Let g = l - -20865. Is g a composite number?
False
Let k be (5 - 7) + 0 + 84. Suppose z = -5*g - 0*z + 159, -2*g + k = 5*z. Is g a prime number?
True
Let i be (-7)/(28/12) + 904. Suppose 0 = -b + i + 425. Suppose -3*m + m = -3*g - 652, 0 = 4*m + 5*g - b. Is m composite?
True
Suppose -22*y = -30*y + 9488. Suppose -l - 278 = o, 4*o = -2*l + 4*l - 1118. Let k = y + o. Is k prime?
True
Suppose 0 = 81*d + 123*d - 20093380 - 21329432. Is d a prime number?
False
Let p(r) = 4*r**3 + 26*r**2 - 13*r - 23. Let h be p(-9). Suppose 1270 = i - 3*z, -5*i - z - 1937 + 8223 = 0. Let a = h + i. Is a prime?
False
Let b = 11 + 2. Let h be (-13)/(b/2) - (-1 - 9). Suppose h*u = 11*u - 1659. Is u composite?
True
Suppose 0 = 3*u - 15, -3*u = -4*s + 18325 - 2720. Let l = s + -2364. Is l a prime number?
False
Let z = -337 + 897. Let y = 400 + z. Suppose 3*u + y = 3*d, 0 = d - 3*u - 194 - 124. Is d prime?
False
Is (-4533)/(24/(-302)*(-18)/(-72)) composite?
True
Suppose 95207327 - 8248992 = 156*i - 89184541. Is i prime?
False
Let v(a) = 370*a + 41. Suppose 17*w - 34*w = -119. Is v(w) a composite number?
True
Let c(x) = 26*x**2 + 78*x - 375. Is c(52) composite?
True
Suppose 8*f = -5*f. Suppose f*u - 54 = -3*u. Is u/6 + 1/(-1) + 587 composite?
True
Suppose 11*w - 57707 - 73314 = 0. Let b = -4242 + w. Is b a composite number?
False
Suppose 23*w - 1410968 - 401501 = 0. Is w prime?
True
Let l(o) = -3*o**3 - o**2 + o + 1. Let m be l(-1). Suppose 322 = m*i - 454. Suppose -z - 4*n = -3*n - 384, 3*n - i = -z. Is z composite?
True
Let o be (3*-2)/(19/((-152)/16)). Suppose o = 3*c, 5*j - 5121 - 8484 = 5*c. Is j prime?
False
Suppose z - 11440 = 3*k, -5*z - 3*k + 53454 = -3674. Let i = -6131 + z. Is i a composite number?
False
Let y = -3276 + 3373. Is y a prime number?
True
Suppose 2436 = 5*u - 5*c + 471, -3*c + 413 = u. Let o = -125 + u. Suppose -5*v + o = b - 48, 2 = -v. Is b composite?
False
Let d(w) = 2879*w + 602. Is d(13) prime?
False
Let o = -8 + 9. Let x be 1/((1 + -2)/o). Let g(c) = 2161*c**2 - 7*c - 1. Is g(x) composite?
True
Let g = -175440 + 250199. Is g a composite number?
False
Let n(r) = -18981*r - 662. Is n(-1) a prime number?
False
Let d be -1*(-109)/(-4) - (-1)/4. Let m = d + 280. Is m composite?
True
Suppose -20*b + 23*b = 4*h + 105240, 5*b - 175411 = 3*h. Let f = b + -24783. Is f prime?
True
Let p(j) = j + 2. Let z be p(-2). Let w(y) = -y**2 - 17*y + 87. Let x be w(4). Is -189*(1 - x) - (-3 - z) prime?
False
Let n(m) = 42*m + 14. Let a be n(7). Let l = a - 175. Is l composite?
True
Let p(n) = 4236*n**2 + 132*n + 385. Is p(-3) composite?
False
Suppose 2*z - 12 = -z. Suppose 0 = -z*n - x + 1353, 0*n + 4*x - 694 = -2*n. Suppose u - n = -0*u. Is u a composite number?
False
Let q(f) = -2*f**3 + 2*f + 2. Let n be q(-1). Suppose 2*o + 3 = -4*l - 5, n*o = -3*l - 6. Suppose -4*z - 5*z + 1143 = o. Is z composite?
False
Is (-10)/18 + (-62934072)/(-1242) prime?
True
Is (-120)/36*(2/(-8))/(9/4544802) a composite number?
True
Let c be 0 + -1 - 13/((-104)/24). Suppose -s = -5*i - c*s + 1895, 0 = 4*s. Is i a composite number?
False
Suppose -92*t + 43*t = -138131. Is t a prime number?
True
Suppose -56 = 12*i - 19*i. Suppose -3*g = 14 - i. Is (g - -1) + (6 - -726) a prime number?
False
Suppose -26*b - 4*b = -90. Let k(p) = 469*p - 46. Is k(b) prime?
True
Suppose -3*o + 78973 = 2*n, 12 = -3*n - 0*n. Suppose -9*h + o = -2*h. Is h composite?
False
Let a(h) = 0*h - 10*h + h**2 - 3*h + 13 + 4*h**3. Let q be (-1)/(-4 + 560/144). Is a(q) composite?
True
Suppose 554275 + 82220 = 15*g. Is g a prime number?
True
Let w(g) = -2*g**3 + g**2 - 3*g - 3. Let n be w(-2). Suppose -n*p + 20*p + 18 = 0. Suppose 0 = -p*l - l + 1659. Is l a prime number?
False
Let g(h) = -21*h - 4. Let j = -28 + 24. Let s(a) = 22*a + 4. Let f(l) = j*s(l) - 5*g(l). Is f(5) composite?
False
Let n be (0 - 3)/(15 + -16). Suppose 7*p - 1093 = -y + n*p, 4*p + 3295 = 3*y. Is y a prime number?
True
Let j(n) = 5*n**3 + 5*n**2 + 11*n + 16. Is j(7) composite?
False
Let a(x) = 6156*x**2 + 357*x - 37. Is a(4) a prime number?
False
Let t = 207689 - -40212. Is t prime?
True
L